{"id":622,"date":"2016-05-05T20:23:35","date_gmt":"2016-05-05T18:23:35","guid":{"rendered":"http:\/\/circoloippicoacquasanta.it\/?page_id=622"},"modified":"2016-05-16T14:44:30","modified_gmt":"2016-05-16T12:44:30","slug":"passeggiate","status":"publish","type":"page","link":"https:\/\/circoloippicoacquasanta.it\/?page_id=622","title":{"rendered":"Passeggiate a cavallo"},"content":{"rendered":"<p>[vc_row][vc_column width=&#8221;2\/3&#8243;][vc_column_text css_animation=&#8221;top-to-bottom&#8221;]<img fetchpriority=\"high\" decoding=\"async\" class=\"alignleft wp-image-625\" src=\"https:\/\/circoloippicoacquasanta.it\/wp-content\/uploads\/2016\/05\/Schermata-2016-05-05-alle-20.29.08.png\" alt=\"Schermata 2016-05-05 alle 20.29.08\" width=\"450\" height=\"328\" srcset=\"https:\/\/circoloippicoacquasanta.it\/wp-content\/uploads\/2016\/05\/Schermata-2016-05-05-alle-20.29.08.png 905w, https:\/\/circoloippicoacquasanta.it\/wp-content\/uploads\/2016\/05\/Schermata-2016-05-05-alle-20.29.08-300x219.png 300w, https:\/\/circoloippicoacquasanta.it\/wp-content\/uploads\/2016\/05\/Schermata-2016-05-05-alle-20.29.08-768x560.png 768w\" sizes=\"(max-width: 450px) 100vw, 450px\" \/>Il Circolo Ippico Acqua Santa \u00e8 uno dei pi\u00f9 prestigiosi centri federali di equitazione del Lazio, e da diversi anni \u00e8 il centro che vanta il maggior numero di iscritti all&#8217;anno nella regione.<br \/>\nOltre ad offrire lezioni di equitazione impartite da istruttori federali e dedicate a ogni livello di di pratica, \u00e8 l\u2019unico al club\u00a0ippico di Roma che permette di fare passeggiate nella propria tenuta, immersa nel Parco Naturale dell\u2019Appia Antica.[\/vc_column_text][vc_column_text css=&#8221;.vc_custom_1462475166019{background-color: #55a834 !important;}&#8221;]<\/p>\n<div id='gallery-1' class='gallery galleryid-622 gallery-columns-3 gallery-size-medium'><figure class='gallery-item'>\n\t\t\t<div class='gallery-icon portrait'>\n\t\t\t\t<img decoding=\"async\" width=\"227\" height=\"300\" src=\"https:\/\/circoloippicoacquasanta.it\/wp-content\/uploads\/2016\/05\/Schermata-2016-05-05-alle-20.30.45-227x300.png\" class=\"attachment-medium size-medium\" alt=\"\" srcset=\"https:\/\/circoloippicoacquasanta.it\/wp-content\/uploads\/2016\/05\/Schermata-2016-05-05-alle-20.30.45-227x300.png 227w, https:\/\/circoloippicoacquasanta.it\/wp-content\/uploads\/2016\/05\/Schermata-2016-05-05-alle-20.30.45.png 514w\" sizes=\"(max-width: 227px) 100vw, 227px\" \/>\n\t\t\t<\/div><\/figure><figure class='gallery-item'>\n\t\t\t<div class='gallery-icon portrait'>\n\t\t\t\t<img decoding=\"async\" width=\"229\" height=\"300\" src=\"https:\/\/circoloippicoacquasanta.it\/wp-content\/uploads\/2016\/05\/Schermata-2016-05-05-alle-20.29.22-229x300.png\" class=\"attachment-medium size-medium\" alt=\"\" srcset=\"https:\/\/circoloippicoacquasanta.it\/wp-content\/uploads\/2016\/05\/Schermata-2016-05-05-alle-20.29.22-229x300.png 229w, https:\/\/circoloippicoacquasanta.it\/wp-content\/uploads\/2016\/05\/Schermata-2016-05-05-alle-20.29.22.png 514w\" sizes=\"(max-width: 229px) 100vw, 229px\" \/>\n\t\t\t<\/div><\/figure><figure class='gallery-item'>\n\t\t\t<div class='gallery-icon portrait'>\n\t\t\t\t<img loading=\"lazy\" decoding=\"async\" width=\"224\" height=\"300\" src=\"https:\/\/circoloippicoacquasanta.it\/wp-content\/uploads\/2016\/05\/Schermata-2016-05-05-alle-20.31.04-224x300.png\" class=\"attachment-medium size-medium\" alt=\"\" srcset=\"https:\/\/circoloippicoacquasanta.it\/wp-content\/uploads\/2016\/05\/Schermata-2016-05-05-alle-20.31.04-224x300.png 224w, https:\/\/circoloippicoacquasanta.it\/wp-content\/uploads\/2016\/05\/Schermata-2016-05-05-alle-20.31.04.png 514w\" sizes=\"(max-width: 224px) 100vw, 224px\" \/>\n\t\t\t<\/div><\/figure>\n\t\t<\/div>\n\n<p>[\/vc_column_text][\/vc_column][vc_column width=&#8221;1\/3&#8243; css=&#8221;.vc_custom_1463402650727{background-color: rgba(28,175,35,0.3) !important;*background-color: rgb(28,175,35) !important;}&#8221;][vc_column_text]<\/p>\n<h2 style=\"text-align: left;\">Contattaci per chiedere informazioni e prezzi<\/h2>\n<p>[\/vc_column_text]\n<div class=\"wpcf7 no-js\" id=\"wpcf7-f660-o1\" lang=\"it-IT\" dir=\"ltr\" data-wpcf7-id=\"660\">\n<div class=\"screen-reader-response\"><p role=\"status\" aria-live=\"polite\" aria-atomic=\"true\"><\/p> <ul><\/ul><\/div>\n<form action=\"\/index.php?rest_route=%2Fwp%2Fv2%2Fpages%2F622#wpcf7-f660-o1\" method=\"post\" class=\"wpcf7-form init\" aria-label=\"Modulo di contatto\" novalidate=\"novalidate\" data-status=\"init\">\n<fieldset class=\"hidden-fields-container\"><input type=\"hidden\" name=\"_wpcf7\" value=\"660\" \/><input type=\"hidden\" name=\"_wpcf7_version\" value=\"6.1.5\" \/><input type=\"hidden\" name=\"_wpcf7_locale\" value=\"it_IT\" \/><input type=\"hidden\" name=\"_wpcf7_unit_tag\" value=\"wpcf7-f660-o1\" \/><input type=\"hidden\" name=\"_wpcf7_container_post\" value=\"0\" \/><input type=\"hidden\" name=\"_wpcf7_posted_data_hash\" value=\"\" \/>\n<\/fieldset>\n<p>Il tuo nome (richiesto)\n<\/p>\n<p><span class=\"wpcf7-form-control-wrap\" data-name=\"your-name\"><input size=\"40\" maxlength=\"400\" class=\"wpcf7-form-control wpcf7-text wpcf7-validates-as-required\" aria-required=\"true\" aria-invalid=\"false\" value=\"\" type=\"text\" name=\"your-name\" \/><\/span>\n<\/p>\n<p>La tua email (richiesto)\n<\/p>\n<p><span class=\"wpcf7-form-control-wrap\" data-name=\"your-email\"><input size=\"40\" maxlength=\"400\" class=\"wpcf7-form-control wpcf7-email wpcf7-validates-as-required wpcf7-text wpcf7-validates-as-email\" aria-required=\"true\" aria-invalid=\"false\" value=\"\" type=\"email\" name=\"your-email\" \/><\/span>\n<\/p>\n<p>Numero di telefono\n<\/p>\n<p><span class=\"wpcf7-form-control-wrap\" data-name=\"text-683\"><input size=\"40\" maxlength=\"400\" class=\"wpcf7-form-control wpcf7-text\" aria-invalid=\"false\" value=\"\" type=\"text\" name=\"text-683\" \/><\/span>\n<\/p>\n<p>Il tuo messaggio\n<\/p>\n<p><span class=\"wpcf7-form-control-wrap\" data-name=\"your-message\"><textarea cols=\"40\" rows=\"10\" maxlength=\"2000\" class=\"wpcf7-form-control wpcf7-textarea\" aria-invalid=\"false\" name=\"your-message\"><\/textarea><\/span>\n<\/p>\n<p><input class=\"wpcf7-form-control wpcf7-submit has-spinner\" type=\"submit\" value=\"Invia\" \/>\n<\/p><p style=\"display: none !important;\" class=\"akismet-fields-container\" data-prefix=\"_wpcf7_ak_\"><label>&#916;<textarea name=\"_wpcf7_ak_hp_textarea\" cols=\"45\" rows=\"8\" maxlength=\"100\"><\/textarea><\/label><input type=\"hidden\" id=\"ak_js_1\" name=\"_wpcf7_ak_js\" value=\"118\"\/><script>document.getElementById( \"ak_js_1\" ).setAttribute( \"value\", ( new Date() ).getTime() );<\/script><\/p><div class=\"wpcf7-response-output\" aria-hidden=\"true\"><\/div>\n<\/form>\n<\/div>\n[vc_text_separator title=&#8221;06 712 89 148&#8243; i_icon_fontawesome=&#8221;fa fa-phone-square&#8221; i_color=&#8221;green&#8221; i_size=&#8221;lg&#8221; title_align=&#8221;separator_align_left&#8221; color=&#8221;green&#8221; add_icon=&#8221;true&#8221;][\/vc_column][\/vc_row][vc_row][vc_column][vc_text_separator title=&#8221;NON SOLO CAVALLI&#8221; i_type=&#8221;linecons&#8221; i_icon_linecons=&#8221;vc_li vc_li-food&#8221; i_color=&#8221;green&#8221; title_align=&#8221;separator_align_left&#8221; border_width=&#8221;2&#8243; add_icon=&#8221;true&#8221;][vc_column_text]Le passeggiate a cavallo possono essere allietate da pranzi, aperitivi o cene nel caratteristico ristorante di Casale Fazio, circondato dalla campagna romana in una piacevole atmosfera di relax e quiete.<\/p>\n<div id='gallery-2' class='gallery galleryid-622 gallery-columns-3 gallery-size-medium'><figure class='gallery-item'>\n\t\t\t<div class='gallery-icon landscape'>\n\t\t\t\t<a href='https:\/\/circoloippicoacquasanta.it\/?attachment_id=634'><img loading=\"lazy\" decoding=\"async\" width=\"300\" height=\"77\" src=\"https:\/\/circoloippicoacquasanta.it\/wp-content\/uploads\/2016\/05\/Schermata-2016-05-05-alle-21.24.00-300x77.png\" class=\"attachment-medium size-medium\" alt=\"\" srcset=\"https:\/\/circoloippicoacquasanta.it\/wp-content\/uploads\/2016\/05\/Schermata-2016-05-05-alle-21.24.00-300x77.png 300w, https:\/\/circoloippicoacquasanta.it\/wp-content\/uploads\/2016\/05\/Schermata-2016-05-05-alle-21.24.00-768x196.png 768w, https:\/\/circoloippicoacquasanta.it\/wp-content\/uploads\/2016\/05\/Schermata-2016-05-05-alle-21.24.00.png 822w\" sizes=\"(max-width: 300px) 100vw, 300px\" \/><\/a>\n\t\t\t<\/div><\/figure><figure class='gallery-item'>\n\t\t\t<div class='gallery-icon landscape'>\n\t\t\t\t<a href='https:\/\/circoloippicoacquasanta.it\/?attachment_id=633'><img loading=\"lazy\" decoding=\"async\" width=\"300\" height=\"76\" src=\"https:\/\/circoloippicoacquasanta.it\/wp-content\/uploads\/2016\/05\/Schermata-2016-05-05-alle-21.23.42-300x76.png\" class=\"attachment-medium size-medium\" alt=\"\" srcset=\"https:\/\/circoloippicoacquasanta.it\/wp-content\/uploads\/2016\/05\/Schermata-2016-05-05-alle-21.23.42-300x76.png 300w, https:\/\/circoloippicoacquasanta.it\/wp-content\/uploads\/2016\/05\/Schermata-2016-05-05-alle-21.23.42-768x195.png 768w, https:\/\/circoloippicoacquasanta.it\/wp-content\/uploads\/2016\/05\/Schermata-2016-05-05-alle-21.23.42.png 822w\" sizes=\"(max-width: 300px) 100vw, 300px\" \/><\/a>\n\t\t\t<\/div><\/figure><figure class='gallery-item'>\n\t\t\t<div class='gallery-icon landscape'>\n\t\t\t\t<a href='https:\/\/circoloippicoacquasanta.it\/?attachment_id=632'><img loading=\"lazy\" decoding=\"async\" width=\"300\" height=\"76\" src=\"https:\/\/circoloippicoacquasanta.it\/wp-content\/uploads\/2016\/05\/Schermata-2016-05-05-alle-21.23.10-300x76.png\" class=\"attachment-medium size-medium\" alt=\"\" srcset=\"https:\/\/circoloippicoacquasanta.it\/wp-content\/uploads\/2016\/05\/Schermata-2016-05-05-alle-21.23.10-300x76.png 300w, https:\/\/circoloippicoacquasanta.it\/wp-content\/uploads\/2016\/05\/Schermata-2016-05-05-alle-21.23.10-768x195.png 768w, https:\/\/circoloippicoacquasanta.it\/wp-content\/uploads\/2016\/05\/Schermata-2016-05-05-alle-21.23.10.png 824w\" sizes=\"(max-width: 300px) 100vw, 300px\" \/><\/a>\n\t\t\t<\/div><\/figure>\n\t\t<\/div>\n\n<p>[\/vc_column_text][\/vc_column][\/vc_row]<\/p>\n","protected":false},"excerpt":{"rendered":"<p>[vc_row][vc_column width=&#8221;2\/3&#8243;][vc_column_text css_animation=&#8221;top-to-bottom&#8221;]Il Circolo Ippico Acqua Santa \u00e8 uno dei pi\u00f9 prestigiosi centri federali di equitazione del Lazio, e da diversi anni \u00e8 il centro che vanta il maggior numero di iscritti all&#8217;anno nella regione. Oltre ad offrire lezioni di<\/p>\n","protected":false},"author":1,"featured_media":640,"parent":0,"menu_order":0,"comment_status":"closed","ping_status":"closed","template":"","meta":{"jetpack_post_was_ever_published":false,"footnotes":""},"class_list":["post-622","page","type-page","status-publish","has-post-thumbnail","hentry"],"jetpack_sharing_enabled":true,"jetpack_shortlink":"https:\/\/wp.me\/P6948l-a2","_links":{"self":[{"href":"https:\/\/circoloippicoacquasanta.it\/index.php?rest_route=\/wp\/v2\/pages\/622","targetHints":{"allow":["GET"]}}],"collection":[{"href":"https:\/\/circoloippicoacquasanta.it\/index.php?rest_route=\/wp\/v2\/pages"}],"about":[{"href":"https:\/\/circoloippicoacquasanta.it\/index.php?rest_route=\/wp\/v2\/types\/page"}],"author":[{"embeddable":true,"href":"https:\/\/circoloippicoacquasanta.it\/index.php?rest_route=\/wp\/v2\/users\/1"}],"replies":[{"embeddable":true,"href":"https:\/\/circoloippicoacquasanta.it\/index.php?rest_route=%2Fwp%2Fv2%2Fcomments&post=622"}],"version-history":[{"count":13,"href":"https:\/\/circoloippicoacquasanta.it\/index.php?rest_route=\/wp\/v2\/pages\/622\/revisions"}],"predecessor-version":[{"id":665,"href":"https:\/\/circoloippicoacquasanta.it\/index.php?rest_route=\/wp\/v2\/pages\/622\/revisions\/665"}],"wp:featuredmedia":[{"embeddable":true,"href":"https:\/\/circoloippicoacquasanta.it\/index.php?rest_route=\/wp\/v2\/media\/640"}],"wp:attachment":[{"href":"https:\/\/circoloippicoacquasanta.it\/index.php?rest_route=%2Fwp%2Fv2%2Fmedia&parent=622"}],"curies":[{"name":"wp","href":"https:\/\/api.w.org\/{rel}","templated":true}]}}